{"id":63,"date":"2013-02-02T01:02:00","date_gmt":"2013-02-02T00:02:00","guid":{"rendered":"http:\/\/www.lion-of-judah.eu\/cez\/?page_id=63"},"modified":"2013-02-02T01:02:00","modified_gmt":"2013-02-02T00:02:00","slug":"geistige-gesundheit","status":"publish","type":"page","link":"https:\/\/wohlergehen.lion-of-judah.net\/?page_id=63","title":{"rendered":"Cappuccino f\u00fcr die Seele"},"content":{"rendered":"<p style=\"text-align: center\">\u00a0\u00a0\u00a0\u00a0\u00a0\u00a0\u00a0\u00a0\u00a0 <span style=\"color: #800000\"><span style=\"font-family: Segoe Print\"><span style=\"font-size: xx-large\"><i><span style=\"text-decoration: underline\">Cappuccino f\u00fcr die See<\/span><\/i><\/span><\/span><\/span><span style=\"color: #800000\"><span style=\"font-family: Segoe Print\"><span style=\"font-size: xx-large\"><i><span style=\"text-decoration: underline\">le:<\/span><\/i><\/span><\/span><\/span><\/p>\n<p><span style=\"color: #800000\"><span style=\"font-family: Segoe Print\"><span style=\"font-size: small\">Ich dachte zuerst: Wellness bei Lion of Judah? Massage, \u00d6lb\u00e4der, Sauna&#8230;?<\/span><\/span><\/span><\/p>\n<p><span style=\"color: #800000\"><span style=\"font-family: Segoe Print\"><span style=\"font-size: small\">Nein! Wellness ist doch in erster Linie: Cappuccino f\u00fcr die Seele!<\/span><\/span><\/span><\/p>\n<p><span style=\"color: #800000\"><span style=\"font-family: Segoe Print\"><span style=\"font-size: small\">Abschalten, zur Ruhe kommen, vergessen, auftanken&#8230; <\/span><\/span><\/span><\/p>\n<p><span style=\"color: #800000\"><span style=\"font-family: Segoe Print\"><span style=\"font-size: small\">Aber zu Hause ist es so schwer. Wir gehen lieber au\u00dfer Haus, geben viel Geld und Zeit aus f\u00fcr Wellness, und doch holt uns der Alltag zu schnell wieder ein. Alle Erhohlung ist dahin!<\/span><\/span><\/span><\/p>\n<p><span style=\"color: #800000\"><span style=\"font-family: Segoe Print\"><span style=\"font-size: small\">Doch wie ist es mit dem Cappuccino f\u00fcr die Seele? Die stille Zeit mit Gott?<\/span><\/span><\/span><\/p>\n<p><span style=\"color: #4c1900\"><span style=\"font-family: Segoe Print\"><span style=\"font-size: small\">Der Herr sprach: Mein Angesicht soll vorangehen; ich will dich zur Ruhe leiten. (2. Mose 33,14)<\/span><\/span><\/span><\/p>\n<p><span style=\"color: #800000\"><span style=\"font-family: Segoe Print\"><span style=\"font-size: small\">Ist das nicht sch\u00f6n!? ER will uns zur Ruhe leiten! Aber bin ich bereit daf\u00fcr? Will ich es \u00fcberhaupt? Mir Zeit NUR MIT GOTT nehmen? Es f\u00e4llt uns so schwer den Alltag, die <\/span><\/span><\/span><span style=\"color: #800000\"><span style=\"font-family: Segoe Print\"><span style=\"font-size: small\">Gedanken, die Sorgen, usw. wegzuschieben!<\/span><\/span><\/span><\/p>\n<p><span style=\"color: #4c1900\"><span style=\"font-family: Segoe Print\"><span style=\"font-size: small\">Denn ihr seid bisher noch nicht zur Ruhe und zu dem Erbteil gekommen, das dir der HERR, dein Gott, geben wird. 5. Mose 12,9<\/span><\/span><\/span><\/p>\n<p><span style=\"color: #800000\"><span style=\"font-family: Segoe Print\"><span style=\"font-size: small\">ER will uns sogar belohnen, wenn wir doch nur zur Ruhe (in Ihm) kommen w\u00fcrden!<\/span><\/span><\/span><\/p>\n<p><span style=\"color: #800000\"><span style=\"font-family: Segoe Print\"><span style=\"font-size: small\">Versuch es doch einfach mal! Telefonh\u00f6rer daneben legen, Klingel abstellen und wenn n\u00f6tig, <\/span><\/span><\/span><span style=\"color: #800000\"><span style=\"font-family: Segoe Print\"><span style=\"font-size: small\">die Batterie aus der tickenden Uhr entfernen &#8211; ich brauch es auch manchmal \ud83d\ude42<\/span><\/span><\/span><\/p>\n<p><span style=\"color: #800000\"><span style=\"font-family: Segoe Print\"><span style=\"font-size: small\">Lade Gott ein, bitte Ihn, Dich zur Ruhe zu bringen, schlie\u00dfe die Augen, atme tief ein und genie\u00dfe die Ruhe und die Gegenwart Gottes! <\/span><\/span><\/span><\/p>\n<p><span style=\"color: #800000\"><span style=\"font-family: Segoe Print\"><span style=\"font-size: small\">Das ist wahrer Cappuccino f\u00fcr die Seele \u2013 von Gott serviert!<\/span><\/span><\/span><\/p>\n<p><span style=\"color: #800000\"><span style=\"font-family: Segoe Print\"><span style=\"font-size: small\">Ich w\u00fcnsche Dir Gottes Segen!<\/span><\/span><\/span><\/p>\n<p><span style=\"color: #800000\"><span style=\"font-family: Segoe Print\"><span style=\"font-size: small\">beauty <\/span><\/span><\/span><\/p>\n<p>&nbsp;<\/p>\n<p>&nbsp;<\/p>\n<p>&nbsp;<\/p>\n<p>&nbsp;<\/p>\n","protected":false},"excerpt":{"rendered":"<p>\u00a0\u00a0\u00a0\u00a0\u00a0\u00a0\u00a0\u00a0\u00a0 Cappuccino f\u00fcr die Seele: Ich dachte zuerst: Wellness bei Lion of Judah? Massage, \u00d6lb\u00e4der, Sauna&#8230;? Nein! Wellness ist doch in erster Linie: Cappuccino f\u00fcr die Seele! Abschalten, zur Ruhe kommen, vergessen, auftanken&#8230; Aber zu Hause ist es so schwer. Wir gehen lieber au\u00dfer Haus, geben viel Geld und Zeit aus f\u00fcr Wellness, und doch [&hellip;]<\/p>\n","protected":false},"author":3,"featured_media":0,"parent":0,"menu_order":0,"comment_status":"open","ping_status":"closed","template":"","meta":{"footnotes":""},"class_list":["post-63","page","type-page","status-publish","hentry"],"_links":{"self":[{"href":"https:\/\/wohlergehen.lion-of-judah.net\/index.php?rest_route=\/wp\/v2\/pages\/63","targetHints":{"allow":["GET"]}}],"collection":[{"href":"https:\/\/wohlergehen.lion-of-judah.net\/index.php?rest_route=\/wp\/v2\/pages"}],"about":[{"href":"https:\/\/wohlergehen.lion-of-judah.net\/index.php?rest_route=\/wp\/v2\/types\/page"}],"author":[{"embeddable":true,"href":"https:\/\/wohlergehen.lion-of-judah.net\/index.php?rest_route=\/wp\/v2\/users\/3"}],"replies":[{"embeddable":true,"href":"https:\/\/wohlergehen.lion-of-judah.net\/index.php?rest_route=%2Fwp%2Fv2%2Fcomments&post=63"}],"version-history":[{"count":0,"href":"https:\/\/wohlergehen.lion-of-judah.net\/index.php?rest_route=\/wp\/v2\/pages\/63\/revisions"}],"wp:attachment":[{"href":"https:\/\/wohlergehen.lion-of-judah.net\/index.php?rest_route=%2Fwp%2Fv2%2Fmedia&parent=63"}],"curies":[{"name":"wp","href":"https:\/\/api.w.org\/{rel}","templated":true}]}}